{"id":59,"date":"2021-11-18T16:21:15","date_gmt":"2021-11-18T15:21:15","guid":{"rendered":"https:\/\/osteoparis-bissuel.com\/?page_id=59"},"modified":"2024-04-16T15:37:29","modified_gmt":"2024-04-16T13:37:29","slug":"qui-suis-je","status":"publish","type":"page","link":"https:\/\/osteoparis-bissuel.com\/index.php\/qui-suis-je\/","title":{"rendered":"Qui suis-je"},"content":{"rendered":"\n<h2 class=\"wp-block-heading\">Mon parcours :<\/h2>\n\n\n\n<p>J\u2019ai toujours eu la volont\u00e9 d\u2019exercer une activit\u00e9 professionnelle qui me permettrait d\u2019allier expertise scientifique et relationnel. J\u2019ai ainsi choisi d\u2019\u00e9tudier la m\u00e9decine pour finalement int\u00e9grer une \u00e9cole d\u2019ost\u00e9opathie. En effet, plusieurs aspects de cette discipline m\u2019ont convaincues de sa pertinence et son efficacit\u00e9 pour soulager des patients&nbsp;:<\/p>\n\n\n\n<ul class=\"wp-block-list\"><li>le temps accord\u00e9 \u00e0 l\u2019\u00e9coute du patient (les consultations durent 45 minutes \u00e0 1 heure)<\/li><li>la r\u00e9flexion autour du corps humain dans sa globalit\u00e9&nbsp;pour identifier les interactions possibles entre des aspects posturaux, digestifs, musculaires\u2026<\/li><li>les th\u00e9rapeutiques propos\u00e9es pour soulager les patients en alternative aux m\u00e9dicaments.<\/li><\/ul>\n\n\n\n<p>J\u2019ai rejoint l\u2019<a href=\"http:\/\/www.institutdauphine.com\/\">Institut Dauphine d\u2019Ost\u00e9opathie<\/a>\u00a0(IDO), \u00e9cole reconnue par l\u2019Etat pour une formation en 5 ans. Tout au long de mon cursus j\u2019ai veill\u00e9 \u00e0 me former aupr\u00e8s de professionnels, pour \u00e9prouver mon apprentissage et l\u2019enrichir des pratiques des uns et des autres. <\/p>\n\n\n\n<p>J&rsquo;ai soign\u00e9 mes propres patients depuis notre troisi\u00e8me ann\u00e9e d&rsquo;\u00e9tude, au sein du&nbsp;<a href=\"http:\/\/www.centre-osteopathique-des-halles.fr\/\">Centre Ost\u00e9opathique des Halles<\/a>&nbsp;(COH) ainsi qu\u2019\u00e0 l\u2019occasion de remplacements r\u00e9guliers. <\/p>\n\n\n\n<p>Pour terminer mes \u00e9tudes, j\u2019ai \u00e9labor\u00e9 une \u00e9tude exp\u00e9rimentale sur \u00ab&nbsp;L\u2019influence d\u2019un traitement ost\u00e9opathique du diaphragme dans l\u2019\u00e9volution des lombalgies&nbsp;\u00bb. Ce travail de recherche m\u2019a permis d\u2019\u00e9tudier plus pr\u00e9cis\u00e9ment ces douleurs du bas du dos qui composent la majorit\u00e9 des motifs de consultations de nos patients. J\u2019ai re\u00e7u un prix du jury pour ce m\u00e9moire me permettant de sortir dans les majors de ma promotion \u00e0 l\u2019issu de ces cinq ans. Vous pouvez consulter la soutenance de cette \u00e9tude sur youtube.<\/p>\n\n\n\n<p>Enfin, parce que j\u2019aime transmettre des connaissances, j\u2019ai enseign\u00e9 pendant deux ans l\u2019anatomie \u00e0 des \u00e9l\u00e8ves de premi\u00e8re et deuxi\u00e8me ann\u00e9e dans une \u00e9cole de pr\u00e9parateur en pharmacie. <\/p>\n\n\n\n<p><\/p>\n\n\n\n<p>J\u2019interviens maintenant aupr\u00e8s des troisi\u00e8me ann\u00e9es de l&rsquo;IDO afin de les pr\u00e9parer \u00e0 la prise en charge des patients,  ainsi qu&rsquo;au COH en tant que superviseur aupr\u00e8s des \u00e9tudiants de troisi\u00e8me, quatri\u00e8me et cinqui\u00e8me ann\u00e9es en ost\u00e9opathie lors de leurs consultations supervis\u00e9es.  <\/p>\n\n\n\n<p><\/p>\n\n\n\n<figure class=\"wp-block-embed is-type-video is-provider-youtube wp-block-embed-youtube wp-embed-aspect-16-9 wp-has-aspect-ratio\"><div class=\"wp-block-embed__wrapper\">\nhttps:\/\/youtu.be\/exR8USe1Kv0\n<\/div><\/figure>\n","protected":false},"excerpt":{"rendered":"<p>Mon parcours : J\u2019ai toujours eu la volont\u00e9 d\u2019exercer une activit\u00e9 professionnelle qui me permettrait d\u2019allier expertise scientifique et relationnel. J\u2019ai ainsi choisi d\u2019\u00e9tudier la m\u00e9decine pour finalement int\u00e9grer une [&hellip;]<\/p>\n","protected":false},"author":3,"featured_media":0,"parent":0,"menu_order":0,"comment_status":"closed","ping_status":"closed","template":"","meta":{"footnotes":""},"class_list":["post-59","page","type-page","status-publish","hentry"],"_links":{"self":[{"href":"https:\/\/osteoparis-bissuel.com\/index.php\/wp-json\/wp\/v2\/pages\/59","targetHints":{"allow":["GET"]}}],"collection":[{"href":"https:\/\/osteoparis-bissuel.com\/index.php\/wp-json\/wp\/v2\/pages"}],"about":[{"href":"https:\/\/osteoparis-bissuel.com\/index.php\/wp-json\/wp\/v2\/types\/page"}],"author":[{"embeddable":true,"href":"https:\/\/osteoparis-bissuel.com\/index.php\/wp-json\/wp\/v2\/users\/3"}],"replies":[{"embeddable":true,"href":"https:\/\/osteoparis-bissuel.com\/index.php\/wp-json\/wp\/v2\/comments?post=59"}],"version-history":[{"count":7,"href":"https:\/\/osteoparis-bissuel.com\/index.php\/wp-json\/wp\/v2\/pages\/59\/revisions"}],"predecessor-version":[{"id":130,"href":"https:\/\/osteoparis-bissuel.com\/index.php\/wp-json\/wp\/v2\/pages\/59\/revisions\/130"}],"wp:attachment":[{"href":"https:\/\/osteoparis-bissuel.com\/index.php\/wp-json\/wp\/v2\/media?parent=59"}],"curies":[{"name":"wp","href":"https:\/\/api.w.org\/{rel}","templated":true}]}}